{"id":9,"date":"2021-01-10T22:44:33","date_gmt":"2021-01-10T22:44:33","guid":{"rendered":"http:\/\/multiserviciosrubygo.com\/index.php\/nosotros\/"},"modified":"2021-01-21T00:58:05","modified_gmt":"2021-01-21T00:58:05","slug":"nosotros","status":"publish","type":"page","link":"https:\/\/multiserviciosrubygo.com\/index.php\/nosotros\/","title":{"rendered":"Nosotros"},"content":{"rendered":"<p>[et_pb_section fb_built=\u00bb1&#8243; _builder_version=\u00bb4.7.7&#8243; _module_preset=\u00bbdefault\u00bb title_text=\u00bbFLEC\u00bb background_image=\u00bbhttps:\/\/multiserviciosrubygo.com\/wp-content\/uploads\/2021\/01\/FLEC.png\u00bb hover_enabled=\u00bb0&#8243; sticky_enabled=\u00bb0&#8243;][et_pb_row _builder_version=\u00bb4.7.7&#8243; _module_preset=\u00bbdefault\u00bb][et_pb_column _builder_version=\u00bb4.7.7&#8243; _module_preset=\u00bbdefault\u00bb type=\u00bb4_4&#8243;][et_pb_image src=\u00bbhttps:\/\/multiserviciosrubygo.com\/wp-content\/uploads\/2021\/01\/logo-web-removebg-preview.png\u00bb _builder_version=\u00bb4.7.7&#8243; _module_preset=\u00bbdefault\u00bb title_text=\u00bblogo-web-removebg-preview\u00bb align=\u00bbcenter\u00bb width=\u00bb21%\u00bb hover_enabled=\u00bb0&#8243; sticky_enabled=\u00bb0&#8243;][\/et_pb_image][et_pb_text _builder_version=\u00bb4.7.7&#8243; _module_preset=\u00bbdefault\u00bb text_font=\u00bbRoboto Condensed||||||||\u00bb custom_padding=\u00bb0.1%||||false|false\u00bb hover_enabled=\u00bb0&#8243; locked=\u00bboff\u00bb text_orientation=\u00bbcenter\u00bb sticky_enabled=\u00bb0&#8243; text_font_size=\u00bb16px\u00bb]<\/p>\n<p>Somos una empresa que ha estado al servicio desde el a\u00f1o 2009 en la ciudad de Monterrey, Nuevo Le\u00f3n.<\/p>\n<p>Nuestra meta es ofrecer productos y servicios de alta calidad en el giro del ramo el\u00e9ctrico a empresas e industrias como Generaci\u00f3n de electricidad, Mantenimiento de l\u00edneas de distribuci\u00f3n de media tensi\u00f3n y Atenci\u00f3n a contingencias o servicios correctivos<\/p>\n<p>[\/et_pb_text][et_pb_image src=\u00bbhttps:\/\/multiserviciosrubygo.com\/wp-content\/uploads\/2021\/01\/New-Project.jpg\u00bb _builder_version=\u00bb4.7.7&#8243; _module_preset=\u00bbdefault\u00bb title_text=\u00bbNew Project\u00bb width=\u00bb72%\u00bb module_alignment=\u00bbcenter\u00bb hover_enabled=\u00bb0&#8243; sticky_enabled=\u00bb0&#8243;][\/et_pb_image][\/et_pb_column][\/et_pb_row][\/et_pb_section]<\/p>\n","protected":false},"excerpt":{"rendered":"<p>Somos una empresa que ha estado al servicio desde el a\u00f1o 2009 en la ciudad de Monterrey, Nuevo Le\u00f3n. Nuestra meta es ofrecer productos y servicios de alta calidad en el giro del ramo el\u00e9ctrico a empresas e industrias como Generaci\u00f3n de electricidad, Mantenimiento de l\u00edneas de distribuci\u00f3n de media tensi\u00f3n y Atenci\u00f3n a contingencias [&hellip;]<\/p>\n","protected":false},"author":1,"featured_media":0,"parent":0,"menu_order":2,"comment_status":"closed","ping_status":"closed","template":"","meta":{"_et_pb_use_builder":"on","_et_pb_old_content":"","_et_gb_content_width":"","footnotes":""},"class_list":["post-9","page","type-page","status-publish","hentry"],"_links":{"self":[{"href":"https:\/\/multiserviciosrubygo.com\/index.php\/wp-json\/wp\/v2\/pages\/9","targetHints":{"allow":["GET"]}}],"collection":[{"href":"https:\/\/multiserviciosrubygo.com\/index.php\/wp-json\/wp\/v2\/pages"}],"about":[{"href":"https:\/\/multiserviciosrubygo.com\/index.php\/wp-json\/wp\/v2\/types\/page"}],"author":[{"embeddable":true,"href":"https:\/\/multiserviciosrubygo.com\/index.php\/wp-json\/wp\/v2\/users\/1"}],"replies":[{"embeddable":true,"href":"https:\/\/multiserviciosrubygo.com\/index.php\/wp-json\/wp\/v2\/comments?post=9"}],"version-history":[{"count":2,"href":"https:\/\/multiserviciosrubygo.com\/index.php\/wp-json\/wp\/v2\/pages\/9\/revisions"}],"predecessor-version":[{"id":91,"href":"https:\/\/multiserviciosrubygo.com\/index.php\/wp-json\/wp\/v2\/pages\/9\/revisions\/91"}],"wp:attachment":[{"href":"https:\/\/multiserviciosrubygo.com\/index.php\/wp-json\/wp\/v2\/media?parent=9"}],"curies":[{"name":"wp","href":"https:\/\/api.w.org\/{rel}","templated":true}]}}